{"id":9,"date":"2025-06-18T09:49:10","date_gmt":"2025-06-18T09:49:10","guid":{"rendered":"https:\/\/jsi-services.com\/?page_id=9"},"modified":"2025-08-05T07:59:53","modified_gmt":"2025-08-05T07:59:53","slug":"main-page","status":"publish","type":"page","link":"https:\/\/jsi-services.com\/","title":{"rendered":"Main Page"},"content":{"rendered":"\n\n\n\n<h1>IT Technology Consulting &amp; Services<\/h1>\n\n\n\n\n\n\n\n\n\n\n\n\n\n\n\n\n\n\n\n\n\n\n\n\n\n\n<p style=\"text-align: right; \"><span style=\"font-size: 20px; color: rgb(255, 255, 255);\"><strong style=\"line-height: 1;\">LOREM CORPORATE CEO<\/strong><\/span><\/p><p style=\"text-align: center;\"><span style=\"color: rgb(255, 255, 255);\">Duis aute irure dolor in reprehenderit in voluptate velit esse cillum dolore eu fugiat nulla pariatur. Excepteur sint occaecat cupidatat non proident, sunt in culpa qui officia deserunt mollit anim id est laborum.<\/span><\/p><p style=\"text-align: left;\"><sign>\u00a0 \u00a0 \u00a0 <span style=\"line-height: 2.0;\">Benn Marshall<\/span><\/sign><\/p>\n\n\n<p>We are a team of IT technology enthusiasts delivering projects in SAP\u00ae technologies.<\/p>\n<p>\nWe have experience in assorted industries like:\n<li>Fashion<\/li>\n<li>Manufacturing<\/li>\n<li>Services<\/li>\n<\/p>\n\n\n\n\n\n\n<h1>Our Services&nbsp;<\/h1>\n\n\n<p style=\"text-align: left;\"><font color=\"#595959\"><span style=\"font-size: 14px;\"><\/span><\/font><\/p><span style=\"line-height:1.5;\"><p style=\"text-align: left;\"><font color=\"#595959\"><span style=\"font-size: 14px;\">Transformation&nbsp;<\/span><\/font><span style=\"font-size: 14px; color: rgb(89, 89, 89); background-color: transparent;\">Project set-up advisory (according to SAP<\/span><span style=\"text-align: center; background-color: transparent; font-size: 14px;\"><font color=\"#595959\">\u00ae<\/font><\/span><span style=\"background-color: transparent; color: rgb(89, 89, 89); font-size: 14px;\">&nbsp;ACTIVATE)<\/span><\/p><span style=\"\"><p><\/p><ul><li style=\"text-align: left;\"><span style=\"background-color: transparent; color: rgb(89, 89, 89); font-size: 14px;\">Green field vs. Brown field vs. Blue field Migration Approach<\/span><\/li><li style=\"text-align: left;\"><span style=\"font-size: 14px; color: rgb(89, 89, 89); background-color: transparent;\">Prestudy<\/span><\/li><li style=\"text-align: left;\"><span style=\"font-size: 14px; color: rgb(89, 89, 89); background-color: transparent;\">Processes<\/span><\/li><li style=\"text-align: left;\"><span style=\"font-size: 14px; color: rgb(89, 89, 89); background-color: transparent;\">Team<\/span><\/li><li style=\"text-align: left;\"><span style=\"font-size: 14px; color: rgb(89, 89, 89); background-color: transparent;\">Communication<\/span><\/li><li style=\"text-align: left;\"><span style=\"font-size: 14px; color: rgb(89, 89, 89); background-color: transparent;\">Planning<\/span><\/li><li style=\"text-align: left;\"><span style=\"background-color: transparent;\"><font color=\"#595959\"><span style=\"font-size: 14px;\">Legacy system: SAP\u00ae&nbsp;or non-SAP\u00ae&nbsp;system<\/span><\/font><\/span><\/li><\/ul><\/span><\/span><p><\/p>\n\n\n<p style=\"text-align: left;\"><span style=\"font-size: 14px; color: rgb(89, 89, 89); background-color: transparent;\">Transformation\/Migration Project Technical lead &amp; advisory and realisation<\/span><\/p><p><\/p><ul><li style=\"text-align: left;\"><span style=\"background-color: transparent;\"><font color=\"#595959\"><span style=\"font-size: 14px;\">SAP\u00ae&nbsp;Migration Cockpit Direct Approach<\/span><\/font><\/span><\/li><li style=\"text-align: left;\"><span style=\"background-color: transparent;\"><font color=\"#595959\"><span style=\"font-size: 14px;\">SAP\u00ae&nbsp;Migration Cockpit File\/Staging Approach<\/span><\/font><\/span><\/li><li style=\"text-align: left;\"><span style=\"font-size: 14px; color: rgb(89, 89, 89); background-color: transparent;\">ETL tools<\/span><\/li><li style=\"text-align: left;\"><span style=\"font-size: 14px; color: rgb(89, 89, 89); background-color: transparent;\">Custom tools<\/span><\/li><\/ul>\n\n\n<p style=\"text-align: left;\"><span style=\"background-color: transparent; font-size: 14px;\"><font color=\"#595959\">Additional products supporting accelerated SAP S\/4HANA<\/font><\/span><span style=\"background-color: transparent; font-size: 14px;\"><font color=\"#595959\">\u00ae<\/font><\/span><span style=\"background-color: transparent; font-size: 14px;\"><font color=\"#595959\">&nbsp;migration<\/font><\/span><\/p>\n\n\n\n\n<p><\/p><ul><li style=\"text-align: left;\"><span style=\"background-color: transparent;\"><font color=\"#595959\"><span style=\"font-size: 14px;\">SAP S\/4HANA\u00ae&nbsp;Private and Public Cloud<\/span><\/font><\/span><\/li><li style=\"text-align: left;\"><span style=\"background-color: transparent;\"><font color=\"#595959\"><span style=\"font-size: 14px;\">SAP S\/4HANA\u00ae&nbsp;Fashion and Retail<\/span><\/font><\/span><\/li><li style=\"text-align: left;\"><span style=\"background-color: transparent;\"><font color=\"#595959\"><span style=\"font-size: 14px;\">SAP\u00ae&nbsp;AFS (Apparel and Footwear Solution)<\/span><\/font><\/span><\/li><li style=\"text-align: left;\"><span style=\"background-color: transparent;\"><font color=\"#595959\"><span style=\"font-size: 14px;\">SAP\u00ae&nbsp;ECC or R\/3<\/span><\/font><\/span><\/li><\/ul>\n\n\n<p><\/p><ul><li style=\"text-align: left;\"><font color=\"#595959\"><span style=\"font-size: 14px;\">ITIL\u00ae&nbsp;<\/span><\/font><\/li><li style=\"text-align: left;\"><span style=\"background-color: transparent; color: rgb(89, 89, 89); font-size: 14px;\">Support<\/span><\/li><\/ul>\n\n\n<p><\/p><ul><li style=\"text-align: left;\"><span style=\"font-size: 14px; color: rgb(89, 89, 89); text-align: left; background-color: transparent;\">ITIL<\/span><font color=\"#595959\"><span style=\"font-size: 14px;\">\u00ae<\/span><\/font><\/li><li style=\"text-align: left;\"><span style=\"font-size: 14px; color: rgb(89, 89, 89); background-color: transparent;\">Agile \/&nbsp;<\/span><span style=\"color: rgb(89, 89, 89); font-size: 14px;\">Scrum<\/span><\/li><li style=\"text-align: left;\"><span style=\"background-color: transparent; color: rgb(89, 89, 89); font-size: 14px;\">Prince2<\/span><font color=\"#595959\"><span style=\"font-size: 14px;\">\u00ae<\/span><\/font><\/li><\/ul>\n\n\n\n\n\n\n<br>\n\n\n\n\n<p><br><\/p>\n\n\n\n\n\n\n\n\n\n\n<p dir=\"ltr\" style=\"line-height: 1.38; margin-top: 0pt; margin-bottom: 0pt; text-align: center;\"><span style=\"font-size:11pt;font-family:Arial,sans-serif;color:#000000;background-color:transparent;font-weight:400;font-style:normal;font-variant:normal;text-decoration:none;vertical-align:baseline;white-space:pre;white-space:pre-wrap;\">JUST SOLVE IT SP. Z O. O.<\/span><\/p><p dir=\"ltr\" style=\"line-height: 1.38; margin-top: 0pt; margin-bottom: 0pt; text-align: center;\"><span style=\"font-size:11pt;font-family:Arial,sans-serif;color:#000000;background-color:transparent;font-weight:400;font-style:normal;font-variant:normal;text-decoration:none;vertical-align:baseline;white-space:pre;white-space:pre-wrap;\">Powsta\u0144c\u00f3w \u015al\u0105skich 58C<\/span><\/p><p style=\"text-align: center;\"><span id=\"docs-internal-guid-268792e6-7fff-c184-7951-85ba802ba304\"><\/span><\/p><p dir=\"ltr\" style=\"line-height: 1.38; margin-top: 0pt; margin-bottom: 0pt; text-align: center;\"><span style=\"font-size:11pt;font-family:Arial,sans-serif;color:#000000;background-color:transparent;font-weight:400;font-style:normal;font-variant:normal;text-decoration:none;vertical-align:baseline;white-space:pre;white-space:pre-wrap;\">53-333 Wroc\u0142aw<\/span><\/p>\n\n\n\n\n\n\n","protected":false},"excerpt":{"rendered":"","protected":false},"author":2,"featured_media":0,"parent":0,"menu_order":0,"comment_status":"closed","ping_status":"closed","template":"","meta":{"pagelayer_contact_templates":[],"_pagelayer_content":"","footnotes":""},"class_list":["post-9","page","type-page","status-publish","hentry"],"_links":{"self":[{"href":"https:\/\/jsi-services.com\/index.php?rest_route=\/wp\/v2\/pages\/9","targetHints":{"allow":["GET"]}}],"collection":[{"href":"https:\/\/jsi-services.com\/index.php?rest_route=\/wp\/v2\/pages"}],"about":[{"href":"https:\/\/jsi-services.com\/index.php?rest_route=\/wp\/v2\/types\/page"}],"author":[{"embeddable":true,"href":"https:\/\/jsi-services.com\/index.php?rest_route=\/wp\/v2\/users\/2"}],"replies":[{"embeddable":true,"href":"https:\/\/jsi-services.com\/index.php?rest_route=%2Fwp%2Fv2%2Fcomments&post=9"}],"version-history":[{"count":62,"href":"https:\/\/jsi-services.com\/index.php?rest_route=\/wp\/v2\/pages\/9\/revisions"}],"predecessor-version":[{"id":128,"href":"https:\/\/jsi-services.com\/index.php?rest_route=\/wp\/v2\/pages\/9\/revisions\/128"}],"wp:attachment":[{"href":"https:\/\/jsi-services.com\/index.php?rest_route=%2Fwp%2Fv2%2Fmedia&parent=9"}],"curies":[{"name":"wp","href":"https:\/\/api.w.org\/{rel}","templated":true}]}}